y 6304.
0
What is the remainder when 13222649 is divided by 417?
413
Calculate the remainder when 29167761 is divided by 80.
1
Calculate the remainder when 21283222 is divided by 104.
38
What is the remainder when 316671 is divided by 1569?
1302
What is the remainder when 1198234 is divided by 21786?
4
What is the remainder when 342353 is divided by 99?
11
Calculate the remainder when 4108177 is divided by 423.
1
Calculate the remainder when 2463203 is divided by 351836.
351
Calculate the remainder when 339688366 is divided by 48.
46
What is the remainder when 17944 is divided by 8812?
320
What is the remainder when 189617591 is divided by 34?
33
Calculate the remainder when 6760533 is divided by 2789.
2786
What is the remainder when 433972378 is divided by 6?
4
Calculate the remainder when 17167243 is divided by 641.
622
Calculate the remainder when 172545 is divided by 8207.
198
Calculate the remainder when 310374 is divided by 23.
12
What is the remainder when 464003 is divided by 38631?
431
Calculate the remainder when 2556489 is divided by 209.
1
Calculate the remainder when 703069 is divided by 71.
27
Calculate the remainder when 10024 is divided by 4330.
1364
What is the remainder when 437487 is divided by 5?
2
What is the remainder when 3249620 is divided by 236?
136
What is the remainder when 31588016 is divided by 203?
201
Calculate the remainder when 35883 is divided by 2554.
127
Calculate the remainder when 60444 is divided by 988.
176
What is the remainder when 121474 is divided by 584?
2
Calculate the remainder when 1046488 is divided by 4550.
4538
What is the remainder when 13484726 is divided by 13484691?
35
Calculate the remainder when 12552173 is divided by 201.
125
What is the remainder when 46799411 is divided by 37?
35
What is the remainder when 1830027 is divided by 54?
21
What is the remainder when 645328344 is divided by 5972?
5968
What is the remainder when 442474 is divided by 3872?
1066
What is the remainder when 24225348 is divided by 631?
627
Calculate the remainder when 35784828 is divided by 17892405.
18
What is the remainder when 2756799 is divided by 36757?
24
What is the remainder when 1215496 is divided by 173589?
373
What is the remainder when 2522585841 is divided by 7?
6
Calculate the remainder when 28804795 is divided by 3014.
3011
Calculate the remainder when 385895 is divided by 1949.
1942
What is the remainder when 918727 is divided by 1014?
43
What is the remainder when 3396655 is divided by 42?
31
What is the remainder when 21160904 is divided by 294?
254
Calculate the remainder when 884166 is divided by 1710.
96
Calculate the remainder when 5847530 is divided by 864.
842
What is the remainder when 991504 is divided by 159?
139
Calculate the remainder when 41113923 is divided by 1449.
1446
What is the remainder when 370422 is divided by 92568?
150
Calculate the remainder when 2880097 is divided by 173.
166
Calculate the remainder when 34050066 is divided by 670.
666
What is the remainder when 886063 is divided by 442960?
143
Calculate the remainder when 21114641 is divided by 2246.
2241
Calculate the remainder when 43047097 is divided by 3.
1
What is the remainder when 7979797 is divided by 109?
16
Calculate the remainder when 11491314 is divided by 1386.
1374
Calculate the remainder when 1446466 is divided by 289246.
236
Calculate the remainder when 1086118 is divided by 339.
301
Calculate the remainder when 1173758 is divided by 183.
179
What is the remainder when 2485138 is divided by 46888?
74
Calculate the remainder when 1628946 is divided by 542955.
81
What is the remainder when 24399903 is divided by 6099975?
3
Calculate the remainder when 4595847 is divided by 1153.
1142
What is the remainder when 2568006 is divided by 794?
210
Calculate the remainder when 13138126 is divided by 83.
56
Calculate the remainder when 850 is divided by 470.
380
Calculate the remainder when 9114357 is divided by 23.
9
What is the remainder when 273526 is divided by 4409?
168
What is the remainder when 1061442 is divided by 353811?
9
What is the remainder when 1439324 is divided by 1266?
1148
What is the remainder when 14372 is divided by 772?
476
Calculate the remainder when 30006910 is divided by 11.
10
Calculate the remainder when 2979749 is divided by 744.
29
Calculate the remainder when 35679 is divided by 2491.
805
Calculate the remainder when 7729055 is divided by 59.
55
What is the remainder when 4855262 is divided by 2832?
1214
What is the remainder when 6065844 is divided by 144?
132
What is the remainder when 22089047 is divided by 310?
307
What is the remainder when 47081132 is divided by 4708113?
2
Calculate the remainder when 383775 is divided by 48.
15
Calculate the remainder when 92647 is divided by 13234.
9
What is the remainder when 10698924 is divided by 2674728?
12
Calculate the remainder when 324066318 is divided by 81016577.
10
Calculate the remainder when 409883551 is divided by 32.
31
What is the remainder when 978340 is divided by 195572?
480
Calculate the remainder when 7938613 is divided by 1249.
1218
Calculate the remainder when 1623047 is divided by 14.
13
What is the remainder when 111784322 is divided by 35?
27
What is the remainder when 34800758 is divided by 27?
26
Calculate the remainder when 74137055 is divided by 16219.
6
Calculate the remainder when 3341479 is divided by 149.
5
Calculate the remainder when 72028 is divided by 42.
40
What is the remainder when 84534 is divided by 13954?
810
Calculate the remainder when 1868087 is divided by 1012.
947
What is the remainder when 5282947 is divided by 2641459?
29
Calculate the remainder when 3805045 is divided by 594.
475
What is the remainder when 54609 is divided by 10824?
489
Calculate the remainder when 40076 is divided by 129.
86
What is the remainder when 42544 is divided by 4144?
1104
Calculate the remainder when 1266279368 is divided by 1049.
1047
Calculate the remainder when 84049389 is divided by 221.
216
What is the remainder when 3263360 is divided by 3263316?
44
What is the remainder when 18838591 is divided by 83?
81
What is the remainder when 7056995 is divided by 3790?
15
Calculate the remainder when 1577684 is divided by 397.
6
What is the remainder when 432352 is divided by 39303?
19
What is the remainder when 264782 is divided by 657?
11
What is the remainder when 5294436 is divided by 2647159?
118
What is the remainder when 120853 is divided by 39756?
1585
What is the remainder when 167550 is divided by 13895?
810
What is the remainder when 256389 is divided by 2284?
581
Calculate the remainder when 5116635 is divided by 20385.
0
What is the remainder when 318363 is divided by 5599?
4819
Calculate the remainder when 2087711 is divided by 695876.
83
What is the remainder when 42218871 is divided by 152?
111
Calculate the remainder when 162378 is divided by 7193.
4132
Calculate the remainder when 2505612 is divided by 48183.
96
Calculate the remainder when 7978790 is divided by 1402.
8
Calculate the remainder when 229271903 is divided by 265.
263
Calculate the remainder when 26936786 is divided by 19.
11
What is the remainder when 661412 is divided by 8064?
164
What is the remainder when 330178 is divided by 482?
8
What is the remainder when 7306334 is divided by 135?
134
Calculate the remainder when 36106 is divided by 2982.
322
Calculate the remainder when 711891 is divided by 17523.
10971
Calculate the remainder when 5419139 is divided by 209.
187
What is the remainder when 29044848 is divided by 1272?
0
Calculate the remainder when 307949 is divided by 1580.
1429
What is the remainder when 64298 is divided by 1200?
698
Calculate the remainder when 2972725 is divided by 24.
13
Calculate the remainder when 47552113 is divided by 22972.
73
What is the remainder when 1267610 is divided by 18641?
22
Calculate the remainder when 11075550 is divided by 461.
25
Calculate the remainder when 65025043 is divided by 41.
27
What is the remainder when 430543 is divided by 47609?
2062
What is the remainder when 999472 is divided by 853?
609
What is the remainder when 272613 is divided by 1325?
988
Calculate the remainder when 11207146 is divided by 6254.
6232
Calculate the remainder when 4094494 is divided by 4094493.
1
